 (7/2)/((-1)/(-2)). Suppose -m = -g*u + 5*u. What are the prime factors of u?
23
Suppose 0 = 4*q - 2*q - 270. Let h = q - 58. What are the prime factors of h?
7, 11
Let x(a) = -a**3 - 2*a + 2. Suppose 0 = 3*z - 2*q, z - 5*q = -2*z. Let h be x(z). Suppose 3*d = 2*b - 137, -h*b = -5*d + 77 - 216. List the prime factors of b.
67
Let f(b) = 4*b + 177. What are the prime factors of f(33)?
3, 103
Let a(q) = 8*q**2 + 3*q - 255. List the prime factors of a(11).
2, 373
Let f = 61 + -138. Let x = -48 - f. What are the prime factors of x?
29
List the prime factors of -2 + ((-2)/6 - (-36690)/18).
2, 509
Suppose -2*g + 6 = 22. What are the prime factors of (-36)/48 - 1302/g?
2, 3
Let q be 9/9*(-1 - 0). Let n be (q*2)/((-4)/(-30)). What are the prime factors of 27 - n/(7 - 2)?
2, 3, 5
Let q be 416 - (3 - 9/3). Suppose -q = -4*j - 128. What are the prime factors of j?
2, 3
Let c(z) = 2*z**2 + 23*z + 15. Let j be c(-11). Let t = j - -152. List the prime factors of t.
2, 3, 13
Let l be (5 - -5)/((-2)/47). Let t = -168 - l. What are the prime factors of t?
67
Let v be (2/4)/((-1)/12). What are the prime factors of 429/v*9/(45/(-10))?
11, 13
Suppose 3*d = 3*x + 54, 2*d + 2*x = -0*x + 32. Suppose 13*u + 56 = d*u. Suppose 0 = 4*y - u - 66. What are the prime factors of y?
2, 5
Let o(z) = -200*z + 149. What are the prime factors of o(-6)?
19, 71
Let i(m) = -m**3 - 2*m**2 + 5*m - 2. Let q be i(-4). Let b be 5/(-25) + 1532/q. Suppose 0 = x - 4*x + b. What are the prime factors of x?
3, 17
Let x be (6/42 - 1/7) + 7. Suppose 1674 = 16*h - x*h. List the prime factors of h.
2, 3, 31
Let j(d) = -d**2 + 1. Let g(n) = 7*n**2 - 3*n - 9. Let h(x) = g(x) + 6*j(x). What are the prime factors of h(12)?
3, 5, 7
Let t(u) = -6*u + 12. Let f be t(3). Let d(k) = 2*k**2 - 3*k + 10. What are the prime factors of d(f)?
2, 5
Let f be (1/(-2))/(2485/830 - 3). Suppose 4*u = -2*c + 28, -f = 4*c - 8*c + u. What are the prime factors of c?
2, 5
Let h(k) = 3*k**2 - 9*k + 12. Let w be h(4). Let v = 20 + w. What are the prime factors of v?
2, 11
Suppose -72*d = -73*d + 294. List the prime factors of d.
2, 3, 7
Let o(q) = -7*q - 10. Let s be o(-5). Suppose 0*t - 5*t + s = 0. What are the prime factors of t?
5
Suppose 2*k = -3*s + 24, -6*s - 5*k = -s - 40. Let r be 10/4 - 5/10. Suppose 0 = -0*y - r*y + s. List the prime factors of y.
2
Let g be (-24)/6*1/(-1). Suppose 8*d = 9*d - 3*t - 110, 430 = g*d - 2*t. List the prime factors of d.
107
Let s be 2/4*-2*-19. Let b = -25 - s. List the prime factors of 2/1 - b/2.
2, 3
Let i(j) = j**2 + 13*j + 6. Let f be i(-13). Let t = 9 - f. Suppose t*l + 136 = 7*l. What are the prime factors of l?
2, 17
Let w = 2660 + -1574. What are the prime factors of w?
2, 3, 181
Suppose 2*y - 4*k = 878, -49*k + 53*k = 5*y - 2213. What are the prime factors of y?
5, 89
Let j be (1*-1)/(1/(-13)). Let n(u) = -u**2 + 21*u + 18. Let g be n(j). Suppose -4*c + g = 6. List the prime factors of c.
29
Let u(y) = 34*y - 4. Let n be u(3). Let c be 2/(-4)*-8 + n. Suppose 2*g = -4, 0 = 2*z - 4*z - g + c. What are the prime factors of z?
2, 13
Suppose d + 4*h - 82 = 0, -4*h = -2*d + 35 + 93. Suppose 4*z - 628 = -5*m, -d = -m - z + 55. List the prime factors of m.
2
Suppose -9432 = 5*f + f. What are the prime factors of 3/9 - (0 - f/(-9))?
5, 7
Let p = 12 + -10. Suppose 2*x - x - 74 = p*c, -x + 82 = -4*c. What are the prime factors of x?
2, 3, 11
Suppose -6*u + 7*u + 2*k - 1219 = 0, 2*k + 2420 = 2*u. List the prime factors of u.
1213
Let p(s) = -46*s - 6. Let c be p(-3). Suppose c = -l + 5*l. Let q = l + -20. What are the prime factors of q?
13
Let h be -1 + ((-175)/2)/(17/(-68)). Let w = h + -168. List the prime factors of w.
181
Let m = 4810 + -3411. List the prime factors of m.
1399
Let p = 31 + -21. Let r(y) = y**2 - 2*y + 7. List the prime factors of r(p).
3, 29
Suppose 3*o + 72 = 5*j, 73 = -2*o - 0*j - 5*j. Let i be 7 - 35/7 - 3. Let n = i - o. List the prime factors of n.
2, 7
Let q(p) = -2*p**3 + 6*p**2 - p - 9. Let k be q(5). Let v = 166 + k. List the prime factors of v.
2, 13
Let k be 448/12 + (-4)/(-6). Let b = 66 - k. Let p = 6 + b. What are the prime factors of p?
2, 17
Let z(a) = 25*a + 12. What are the prime factors of z(13)?
337
Let r be 4/2 + (6 - 6). Suppose -r*c = 3*c - 355. List the prime factors of c.
71
Let n(c) = 5*c**2 - 4*c. Let l be n(3). Let j(o) = o**3 - 9*o**2 - o + 13. Let s be j(9). Suppose 0 = s*a - 35 - l. List the prime factors of a.
17
Suppose 4*x - 28 = 2*k - 6*k, 5*k = x - 13. Suppose -x*o + 4*o + 64 = 0. What are the prime factors of o?
2
Let v = -1 + -4. Let g be -2 + 3 - v/5. What are the prime factors of (12/g)/(2/6)?
2, 3
Suppose 0 = 2*f - 2*v - 2, -5*f - 5*v = 10 - 35. Suppose 3*p - 187 = -5*a, f*p + 211 = 7*p - a. What are the prime factors of p?
2, 3
Let q(w) = w. Let s(z) = z + 1. Let x(b) = 4*q(b) - 3*s(b). Let i(a) = -4. Let k(g) = -5*i(g) + 4*x(g). List the prime factors of k(5).
2, 7
Suppose 5*g - x = 8*g - 354, 3*x + 236 = 2*g. Let y = 246 - g. List the prime factors of y.
2
Suppose 3 + 13 = -4*p. Suppose -105 = 10*o + 115. Let r = p - o. What are the prime factors of r?
2, 3
Suppose -3*w = -8*w + 10. Suppose 4*b = 3*x + 9, 13 = -w*b - 0*b + 5*x. What are the prime factors of b/3*(7 - -1)?
2
Let s(c) = -c**2 - 36*c - 119. List the prime factors of s(-27).
2, 31
Let h be -3*(1/3 + -1). Suppose -14*b + 32 = 2*b. Suppose b*q = 3*g + h*g - 11, -2*q - g = -19. What are the prime factors of q?
7
Let k = 6685 + -4387. List the prime factors of k.
2, 3, 383
Let p(b) = -b + 23. What are the prime factors of p(-15)?
2, 19
Suppose -3*m - 100 = -0*m - 5*w, -4*m + 3*w = 148. Let k = -29 - m. What are the prime factors of k?
11
Let x(l) = l**2 + 13*l - 100. What are the prime factors of x(-37)?
2, 197
Suppose -5*u + 1735 - 11055 = -5*t, 0 = 4*t + 5*u - 7438. What are the prime factors of t?
2, 7, 19
Let s = 4593 - 3104. What are the prime factors of s?
1489
Let y be (-1)/2 - 124/(-8). List the prime factors of -1 + -4*y/(-20).
2
Let g = -2531 + 4494. List the prime factors of g.
13, 151
Suppose 2*w - 438 = -4*w. Suppose -12 = -4*o - n, -o - o + 6 = 2*n. Suppose -o*f + 29 = -w. List the prime factors of f.
2, 17
What are the prime factors of (-18)/(-48) - ((-6519)/24 + 3)?
269
Suppose 4*y - 6048 = -4*q, -q - 21*y + 19*y + 1510 = 0. List the prime factors of q.
2, 757
Let n = 3 + -10. Let b(o) = -o**3 - 5*o**2 + 4*o - 6. What are the prime factors of b(n)?
2
Let x be (4/3)/((-1)/3). What are the prime factors of x + 32 + -3 + -1?
2, 3
Suppose -4*m - 2*z = -2198, -3*m + 8*z - 3*z = -1642. Let v(x) = -549*x + x**2 - 5 + m*x. List the prime factors of v(6).
31
Suppose -4*z + 7 = 19, -463 = 4*g + z. Let l = g - -219. List the prime factors of l.
2, 13
Let p(d) = -2*d - 12. Let y be p(-10). Suppose -y*z = -1641 + 401. What are the prime factors of z?
5, 31
Suppose -6*m - 83 = -5111. What are the prime factors of m?
2, 419
List the prime factors of 0 + 4 - (1605/5)/(-3).
3, 37
Let a = 928 + -592. What are the prime factors of a?
2, 3, 7
Suppose 309233 = 63*v + 69770. What are the prime factors of v?
3, 7, 181
Suppose -7*k = -3612 - 280. List the prime factors of k.
2, 139
List the prime factors of 6/18 - (-1928)/3.
643
Suppose -330 = -4*u + 3*q, -4*u - 411 = -9*u + 3*q. Suppose -8*w - u = -11*w. What are the prime factors of w?
3
Let l(w) = 30*w**2 - 7*w. Let o(u) = -31*u**2 + 8*u - 1. Let a(f) = -5*l(f) - 4*o(f). Let i be a(4). What are the prime factors of 9/(-21) + i/(-35)?
11
Let z(u) = -7*u**3 - u**2 + 294. Let n = 89 - 89. What are the prime factors of z(n)?
2, 3, 7
Let l(p) = -4*p + 1. Let i be l(-1). Suppose -2*o + 2*c = -188, -2*o = 2*c - 117 - 67. Suppose o = i*r - 52. What are the prime factors of r?
29
What are the prime factors of (-1 - 70/8)/((-50)/2200)?
3, 11, 13
Let g be (-2)/11 + (-92)/(-22). Suppose 16 - 4 = g*v. List the prime factors of v.
3
Suppose -q = 3*z - 6585, 10977 = 5*z + 4*q - 3*q. What are the prime factors of z?
2, 3, 61
Suppose 0 = -5*t - l + 77, 2*l + 7 = 4*t - 49. What are the prime factors of t?
3, 5
Suppose 5*v = -4*g + 1704, 0 = 2*v + 3*g - 4*g - 679. List the prime factors of v.
2, 5, 17
Let u(b) = -10*b + 13. Let r be u(8). Let f = -2 - r. What are the prime factors of f?
5, 13
Let o(h) = 3*h + 210. Let y be o(-29).